et n be g(5). What is the highest common factor of n and l?
1
Let r be ((-5)/2)/5*-58. What is the highest common factor of r and 29?
29
Let j = 0 + 2. Suppose 60 = j*h + h. Calculate the greatest common factor of 80 and h.
20
Suppose 6*i - 325 = -25. Calculate the greatest common factor of i and 20.
10
Suppose 3*p - 68 - 37 = 0. Calculate the highest common divisor of p and 7.
7
Let d(k) = 3*k - 13. Let n(a) = -7*a - 5 + 12 + 2*a + 4*a. Let m(r) = 2*d(r) + 5*n(r). Let s be m(0). What is the greatest common divisor of 99 and s?
9
Let k(f) = -2*f**3 - 5*f**2 + 2*f - 4. Let z be k(-4). Suppose 3*o = 4*o - z. Let i = 103 + -13. Calculate the greatest common factor of i and o.
18
Suppose -4*h - 5*p = 14, 4*h - 3*p = 4 - 2. Let g be -2*((-10 - h) + 1). Calculate the greatest common factor of g and 40.
8
Let t(r) = r - 5. Let z be t(8). Let j(p) = p**3 - 2*p**2 + 5*p - 3. Let x be j(z). Suppose -3*b + 152 = -415. What is the greatest common divisor of x and b?
21
Let c be (1020/(-75))/((-1)/10). Let x be 0/1 + (-17)/(-1). What is the highest common divisor of x and c?
17
Suppose -6*h + 80 = -2*h. What is the highest common divisor of h and 10?
10
Let r = 26 - 12. Let d be (44/10 + -5)/(2/(-70)). What is the highest common divisor of r and d?
7
Let d(p) = 7*p + 1 - 4 - p**2 - p**2 - 2. Let t be d(7). Let q = t + 89. What is the greatest common divisor of q and 5?
5
Suppose 4*m + 4*i = -12, 3*i + 6 + 3 = 4*m. Let p be (m - (3 - 2))*-100. Let n be (-16)/3*15/(-2). Calculate the highest common factor of n and p.
20
Let h = 196 - 140. Let j(q) = q**2 - 6*q + 1. Let y be j(7). Calculate the greatest common factor of h and y.
8
Let n(r) = r**3 - 9*r**2 + r - 5. Let i be n(9). Let l be (30/i)/(-3)*-8. What is the greatest common divisor of 5 and l?
5
Let v = 13 - 18. Let k = v + 14. Calculate the highest common factor of 36 and k.
9
Let c = -28 - -34. What is the highest common divisor of 6 and c?
6
Let k(g) = g**2 - 4*g + 3. Let h be k(5). Suppose 3*b - b - 4 = 0. What is the highest common divisor of h and b?
2
Let y = 394 + -369. Let v = 5 - 3. Suppose -a - v*a = -15. Calculate the greatest common divisor of y and a.
5
Suppose 4*g = j - 12, 3*g + 8 = j + g. Let t be 3/(-3) - 1*-1. Suppose j*f = z - 15, t*z + f - 30 = -2*z. Calculate the highest common divisor of z and 5.
5
Suppose 4*q + 2*l - 98 = 0, q + 3 = -4*l + 9*l. What is the greatest common factor of q and 77?
11
Let g be ((-7)/(-3) - 3)*-6. Let i be (-188)/(-20) + g/(-10). Let w(b) = 4*b**2 + 3*b - 4. Let r be w(-5). Calculate the greatest common divisor of r and i.
9
Let f be (-6)/21 - (-2740)/35. Calculate the greatest common divisor of 6 and f.
6
Let n(b) = -b**3 + 14*b**2 - 12*b + 11. Let d be n(13). Calculate the greatest common factor of d and 36.
12
Let y(p) = p**3 - 3*p**2 - 6*p. Let l be y(5). Let x be l + 3 + 3*-1. What is the highest common factor of x and 8?
4
Suppose 0 = 3*k, i - 5*k = -4 + 34. Let f(y) = -y**3 + 6*y**2 - 4*y - 2. Let g be f(5). Suppose g*v - 48 = -v. What is the greatest common factor of v and i?
6
Suppose 3*n + 2*j = 115 + 103, 0 = 5*n + 5*j - 365. What is the highest common divisor of n and 9?
9
Let z = 9 - 6. Let a be 2 + 3/z + -2. Suppose -5*g + 4*h + 296 = 0, -a + 4 = 3*h. Calculate the greatest common divisor of 12 and g.
12
Let p(d) be the second derivative of d**4/2 - d**3/2 - 3*d**2/2 + 6*d. Let x be p(3). What is the greatest common divisor of 7 and x?
7
Let j = 10 - 1. What is the greatest common divisor of 6 and j?
3
Let x = -6 + 7. Let r be 94*x*(-3)/2. Let b = 30 - r. Calculate the greatest common factor of b and 19.
19
Let y be (-880)/12*(2 - 5). What is the greatest common factor of 20 and y?
20
Let w(o) = 9*o + 7. Let s be w(5). Suppose 0 = -3*j - j + z + 36, 0 = 5*j - 3*z - s. Calculate the greatest common divisor of j and 4.
4
Let d(l) = 5*l**2 + 4*l + 2. Let t be 3 + 15/(-3 - 0). Let z be d(t). Calculate the greatest common factor of 42 and z.
14
Let x = 127 - 75. Calculate the highest common divisor of x and 26.
26
Let c(f) = -20*f**2 - 1. Let g be c(-1). Let n = g + 3. Let x = 32 + n. What is the highest common factor of 42 and x?
14
Suppose -5*v - 3*u + 248 = -u, 2*v - 5*u - 76 = 0. What is the highest common divisor of v and 32?
16
Let u(c) = c**2 + 2*c. Let x be u(7). What is the greatest common divisor of x and 9?
9
Suppose 0 = 9*a - 63 - 333. What is the greatest common factor of a and 484?
44
Let m(v) = v**3 + 4*v**2 - 2*v - 6. Let y be m(-4). Suppose f = y - 0. Suppose 16 = -f*d + 3*d. Calculate the highest common factor of d and 8.
8
Suppose 0 = 4*o + 3*u, 0*o - 3*o = -3*u. Suppose o = -3*d - x + 37, -5*d + 35 = -3*x - 2*x. What is the highest common divisor of d and 33?
11
Let z(w) = 4*w - 15. Let i be z(6). What is the greatest common divisor of 9 and i?
9
Let c(j) = 0 - 3*j + j + 6 + 4*j**2 - 2*j. Let h be c(5). Suppose -48 = -2*d - l, 3*l = 4*d - 0*l - h. Calculate the greatest common divisor of d and 161.
23
Let n(r) = r**2 + 8*r + 8. Let b be -1 + 3 + -9*1. Let f be n(b). Calculate the greatest common factor of 10 and f.
1
Suppose 1 = 3*o - 2. Suppose -3*c - c - 4*q - 4 = 0, -4*q - 20 = 0. What is the highest common divisor of c and o?
1
Let d = -5 - -11. Suppose 2*f = -1 + 13. Suppose f*q - 6 = 4*q. What is the greatest common factor of d and q?
3
Suppose 9*w - 96 = 3*w. Let s = 42 - 10. Calculate the greatest common factor of w and s.
16
Suppose -5*d - 5*c = -25, 3*c - 7 = -d - d. Calculate the greatest common factor of 1 and d.
1
Let h(a) = -a + 8. Let i be h(5). Suppose -i*z - 49 = m, -m + 0*m = 1. Let d be z/5*(-7 - -2). Calculate the highest common factor of d and 2.
2
Let q(b) = -4*b - 1 + 2*b**3 + 3*b**2 - 7*b**2 + 3*b**3 - 6*b**3. Let l be q(-3). Calculate the greatest common factor of l and 12.
2
Let u(x) = 15*x + 13. Let j(t) = 7*t + 7. Let a(d) = 13*j(d) - 6*u(d). Let k be (-2)/(48/22 - 2). Let q be a(k). What is the highest common divisor of q and 20?
2
Let p = 3 + -1. Suppose 0*m - 24 = -p*m. Suppose 0 = 2*g - 208 + 40. Calculate the highest common factor of m and g.
12
Let x(k) = k**3 + 8*k**2 + 2*k - 2. Let n be x(-7). Let y = -34 - -50. Let m = 27 - y. Calculate the greatest common factor of m and n.
11
Let m(j) = -j**2 - 11*j - 19. Let f be m(-8). Calculate the highest common factor of 5 and f.
5
Suppose -8 = -3*s + s. Let m be 423/5 + (-8)/(-20). Let y = m + -49. What is the highest common divisor of y and s?
4
Suppose -5*k + 0*k - h = -530, -5*k - 5*h = -550. What is the highest common factor of k and 70?
35
Suppose -15 = 4*s - 71. What is the greatest common factor of 56 and s?
14
Let b be 2/(-9) + (-656)/(-36). What is the greatest common divisor of b and 162?
18
Let k = -32 + 57. Let a = 223 + -23. Calculate the highest common divisor of k and a.
25
Suppose -i - 243 = -10*i. What is the greatest common factor of i and 27?
27
Let c(b) = b**3 + 11*b**2 + 12*b + 7. Let h be c(-8). Let p = -170 + 100. Let m = h + p. Calculate the greatest common divisor of 3 and m.
3
Suppose v - 12 = -3*v. Let b(j) = 3*j**2 + 12*j - 8. Let y be b(-7). Suppose 0 = -2*d - v*d + y. What is the highest common factor of d and 99?
11
Suppose 2*p = 10*p - 16. Suppose 6*x = -4*g + x - 81, g + 19 = -x. Let y be (-32)/g + 6/(-21). What is the highest common factor of y and p?
2
Let r(k) = -k**3 + 4*k**2 + 4*k + 3. Let t be r(4). Suppose -3*s + 99 = 2*s - 2*n, 5*s - n - 97 = 0. Calculate the highest common divisor of s and t.
19
Let s be 1/3 + 164/3. Let r(y) = -y**3 - 12*y**2 - 11*y + 22. Let k be r(-11). Calculate the highest common factor of k and s.
11
Let r(a) = -245*a - 106*a - 54*a - 9. Let s(n) = 101*n + 2. Let v(u) = 2*r(u) + 9*s(u). Let h be v(1). Calculate the greatest common divisor of h and 11.
11
Let m(x) = -x**2 - 4*x. Let p be m(-3). Suppose -6*v + p = -2*u - 3*v, 3*u - 18 = -3*v. What is the highest common factor of u and 9?
3
Suppose 0 = 5*t + 5*q - 325, -5*t + 130 = -3*t + 4*q. Suppose -x + 0*w + 17 = -w, 5*x + 5*w = t. Calculate the highest common divisor of 3 and x.
3
Suppose 4*u = -0*u - 64. Let o be u/40 + (-337)/(-5). Suppose -2*a + 0*m = -m - 25, -o = -5*a + 4*m. What is the highest common factor of 33 and a?
11
Let s(d) = 4*d - 5. Let x be s(4). Let m = 3 - x. Let q be (-4 + 1)*m/6. What is the highest common